 -3*c + 4*c - 32 = -4*k. Suppose k*v - 6*v = 8691. Is v a prime number?
True
Let c be (-164)/(-6) - 1/3. Suppose -3*y - 14*q = -17*q - 24, y + 4 = -2*q. Suppose 5*k + 3*p - c = 0, -y*p = 3*k - 8*p - 22. Is k a composite number?
True
Let t(x) = 49*x**2 + 4*x - 2. Let s be 102/36 + 2/(-12)*-1. Is t(s) a prime number?
False
Let q(f) = -f**3 - f**2 + f. Let m(t) = 5*t**3 + 3*t**2 - 2*t + 2. Let j(o) = -m(o) - 3*q(o). Let x be j(-1). Is 13 - -1670 - (-4)/x a prime number?
False
Suppose -3*g + 12 = -3. Let v be ((-21)/3)/((-1)/113). Suppose -2*z = -2*k + 169 + v, g*k - z - 2420 = 0. Is k a prime number?
False
Suppose -3*z + 102617 = 4*d, 5*d - 3*z - 3*z = 128320. Is d prime?
False
Let c(z) = -28*z**2 - 11*z + 14*z**2 + z**3 + 7*z**2 + 16*z**2. Let i be c(-10). Suppose -4172 = -14*k + i*k. Is k composite?
True
Let z = -614 - -606. Is z/((-96)/60) - (-11208 + 0) a composite number?
False
Suppose 2*c + 12003 = -3*g + 4499, 3*g = -4*c - 7502. Let q(j) = -j**3 + 5*j**2 + 6*j - 6. Let x be q(5). Is g/x*32/(-12) prime?
False
Let l = 93255 - 45159. Let c = l + 701. Is c a prime number?
False
Let r(x) = 8*x**3 + 24*x**2 + 8*x - 3. Is r(17) a prime number?
False
Suppose -3*x - 3*m = -84306, -5*m + 20576 = 4*x - 91828. Suppose 47*p - x = p. Is p composite?
True
Let q be 4/26 + -1 + (-11)/(-13). Suppose 14 = -4*a - 2, -3*k + 4*a + 10993 = q. Is k composite?
False
Suppose -3*h - u + 32397 = -h, -5*u = 3*h - 48599. Let z = 35209 - h. Is z composite?
True
Is 4 + 8/(-6 - -30) + (-102053)/(-3) prime?
False
Suppose 6*w - 1576 - 3728 = 0. Let m = 1743 - w. Is m composite?
False
Suppose -t + 54 = -26. Let f = t + -78. Suppose 13405 = f*g + 3*g. Is g prime?
False
Suppose -c + 60 = 1487. Let a = 164 - c. Is a prime?
False
Let v = 28 + -20. Let q = -6 + v. Suppose -1305 = -q*y + 281. Is y a prime number?
False
Let d(w) = -23795*w - 2723. Is d(-2) a prime number?
True
Let w(b) = 608*b**2 - 4410*b - 153. Is w(83) prime?
False
Let g(v) = -v**3 + 72*v**2 + 17*v + 198. Let f be g(40). Suppose -4*o = -j + 10419, -5*j + 48*o + f = 45*o. Is j prime?
False
Let x be (890/8)/((-7)/(-448)). Suppose -166 = -2*a + x. Is a composite?
False
Let r be 6 + 1*(-5 + 1). Is (81470/70)/(r/14) a prime number?
True
Is -2*3 - (-382688 + (-182)/(-14)) composite?
True
Let y = 35017 - -62902. Is y prime?
True
Let c be ((-5)/((-25)/(-2)))/((-7)/(-35)). Let w(x) = -2173*x + 63. Is w(c) composite?
False
Suppose -121849 - 37975 = -16*u. Suppose -3*i + 4290 + 1698 = -3*h, 5*i = -4*h + u. Let d = -1002 + i. Is d composite?
True
Let g be (-5)/15 + 4376/6. Let k = 262 + g. Is k a composite number?
False
Suppose 2*t = 2*m + 1362, 6*m + 3399 = 5*t + 3*m. Suppose 4*o + 1722 = -2*c, 4*c = -4*o - 1673 - 55. Let u = t + o. Is u a composite number?
True
Is 1/(-1)*((-132)/11 + -691) a composite number?
True
Let c be 10*(-3)/(-18)*-3. Let o(f) be the first derivative of -64*f**2 - 5*f - 3. Is o(c) a prime number?
False
Suppose -2*i + 4 = 2*o, 2*i - i = -2. Suppose -c = -z - 7, o*c + 2 - 6 = -4*z. Suppose -13531 = -5*u - 2*a, 10822 = c*u - 2*a + 5*a. Is u a prime number?
True
Is (-643770)/25*-1 + 5/25 a composite number?
True
Suppose 17 - 7 = 5*o. Suppose 5*t - 10403 = -o*c, c + 1 = -0. Is t prime?
True
Suppose 0 = 34*w - 50*w. Suppose -3*u - 2*h + 709 = 0, w = 2*u + 2*u + 5*h - 936. Is u composite?
False
Let a = -183 - -190. Is 3*(-20686)/(-42) + (-4)/a a prime number?
False
Is -16 - -8 - -45562 - 1 prime?
True
Let r(l) = -7*l**2 + 21*l - 10. Let o be r(6). Let q = o + 294. Is q prime?
False
Suppose -3*g + 0*r - 3*r = 6, 4*r = -3*g - 8. Suppose g = -2*x - 2*x + 3*q + 31373, -2*q = 6. Is x a composite number?
False
Let h be 2/(-3)*7596/4*-2. Suppose 12*z = h + 17136. Is z a composite number?
True
Suppose -c - 4*c - 5*j + 162665 = 0, -32569 = -c + 5*j. Is c prime?
False
Let t = 367275 - 178364. Is t prime?
True
Suppose 7*w = 2*w + 15. Suppose 2*u - 1571 = -w*d, u + 3*d - 783 = -d. Is u a composite number?
False
Suppose 0 = 19*c - 3*c - 96. Suppose -2*l + 2572 = 3*w - 323, -2*l = c. Is w a composite number?
False
Let w be (1/((-4)/(-80)))/(6/(-1395258)). Is w/(-238) - ((-12)/(-7))/4 a composite number?
False
Let l(f) = -f**2 + 33*f - 4. Let o be (-752)/(-34) + 12/(-102). Let k be l(o). Suppose 14*s - 12*s - k = 0. Is s a prime number?
False
Let v be 6/(-33) - 2/(-11). Let u be (8/10 - v)/((-10)/25). Is (0 - -399)*u/(-6) composite?
True
Let v be 9/12 + (16698/24)/11. Is (-2 - v/(-24))/(4/43158) a prime number?
True
Let m = 2778 - 2441. Is m composite?
False
Let o(v) = -3*v + 29. Suppose -3*g = -7*g + 48. Let l be o(g). Let r(s) = 5*s**2 - 10*s + 2. Is r(l) a composite number?
False
Suppose -5*i - 2*f - 4 + 24 = 0, i = 5*f + 31. Is ((8/i)/1)/((-6)/(-11601)) a composite number?
True
Let y = 37 - 60. Let w = y - -20. Is (3/w)/((-3)/2661) a composite number?
False
Let w(s) = -49 + 15 + 18 + 2*s. Let f be w(9). Suppose -4*m + 2*h = -2754, 5*m = 2*h + f*h + 3441. Is m composite?
True
Let m be (-4 + (-15)/(-6))*6/(-9). Suppose -4*y - m = -9. Suppose -4*o + 4*k + 349 + 79 = 0, -5*o + 547 = -y*k. Is o composite?
True
Suppose -4*u + n = -0*u - 136, 0 = -2*u + 5*n + 50. Suppose f = x - 11, 3*x = 3*f + f + u. Let a(d) = 202*d + 29. Is a(x) a prime number?
True
Let h = 11561 - 16906. Let p = h + 9897. Suppose 4*w - p = -4*n - 0*n, -3*n = -4*w + 4517. Is w a composite number?
True
Let p(d) = -5 + 162*d - 978*d**3 - 478*d + 158*d + 159*d. Is p(-2) composite?
False
Let k be ((-12)/(-9)*14)/(2/(-9)). Let n = 88 + k. Is (-1 + 252)*4/n composite?
False
Suppose -2*v + 3*u + 6 = -0*u, 3*v - 2*u = 14. Let o(r) = -r - 4. Let k be o(-5). Let p = k + v. Is p a prime number?
True
Let m be (-1)/(21/(-6) + 3). Suppose 0 = -2*o - m*u + 5 - 3, u = o + 5. Is -23*((o - -3) + -3) prime?
False
Suppose 2*u + 918 = 2*w, -4*u + w - 1947 = -96. Let n = 5975 - u. Is n prime?
False
Suppose -69*w - 6440 = -65*w. Let m be 10 + 56/(-8) - (1 + w). Suppose 4*i = -5*b - 0*b + 6403, -5*b + m = i. Is i composite?
False
Let u(w) be the third derivative of -85*w**4/24 - 7*w**3/2 - 37*w**2. Is u(-4) a prime number?
False
Let w = -397 - -7322. Suppose -45*x + 43*x - w = -5*s, 2*s - 3*x - 2759 = 0. Is s prime?
False
Let u = 21261 + -9799. Let x = u + -6423. Is x prime?
True
Let t(p) be the first derivative of -p**2 + 8*p + 10. Let x be t(2). Suppose -5*w + 4*h + 2225 = 0, -1338 = -3*w - x*h + 29. Is w a prime number?
True
Let y = 67 + -50. Let d = 17 - y. Let n(h) = h**3 + h + 131. Is n(d) composite?
False
Suppose -5*w - 180 = -5*b, 16 + 58 = 2*b - 4*w. Suppose -7*v = -12*v - b. Let t(q) = 5*q**2 + 10*q - 12. Is t(v) prime?
True
Let f(s) = -88 + 38 + 47 - 98*s. Is f(-7) composite?
False
Suppose 23 = -6*d + 53. Suppose -d = -5*p + 15. Suppose 0 = p*b - 9843 + 1231. Is b a composite number?
False
Let z(r) be the second derivative of -r**4/12 + 7*r**3/3 + 15*r**2/2 - 8*r. Let s be z(15). Suppose 2*n = -5*j - s*n + 441, 10 = -5*n. Is j a prime number?
True
Suppose 0*z + 10 = 5*z. Let q(p) = 2*p**3 - 2*p**2 - 2*p + 4. Let i be q(z). Suppose 407 = -i*b + 9*b. Is b prime?
False
Suppose -11857 = -5*w + 17828. Suppose 24816 = 21*v + w. Is v composite?
True
Let c = 60809 + -16192. Is c a prime number?
True
Let l(p) = p**3 + 25*p**2 + 100*p - 58. Let d be l(-23). Suppose -4*s = o + 53, -3*o = o - s + 161. Let k = o - d. Is k a prime number?
True
Let s(v) = -7191*v + 370. Is s(-7) a composite number?
False
Let k be (84/9 + -2)/(4/354). Suppose -p + 2533 = 2*d, d = p - 1881 - k. Is p prime?
True
Let g = -388396 - -561135. Is g a prime number?
False
Let f = -804 + 814. Suppose 0 = -f*a + 283966 - 40116. Is a prime?
False
Let o = -11306 - -40473. Is o prime?
True
Let z be 1/(-2) + 0 + (-4601)/(-2). Let y = 2483 + z. Is y a prime number?
True
Let j be (448/(-16))/(0 - 4/(-34)). Let m = j - -1977. Is m composite?
True
Let b = 393 + -384. Suppose -2*i + 5*k + 52528 = 0, 20 = -b*k + 4*k. Is i prime?
False
Suppose -3*f = -6, -3*w - 2*f = -0*w - 17395. Suppose w = 2*o - 13125. Is o composite?
False
Let y(r) be the second derivative of 88*r**3/3 - 7*r**2/2 - 60*r. Is y(8) a prime number?
False
Let h(m) = -60*m**2 + 50*m - 2. Let u be h(-6). Let q = 701 - u. Is q a prime number?
True
Let g(w) = 160*w**2 - 5*w - 5. Let z be (5/(-2))/(9/6 - 2). Let k be g(z). Suppose -5*q + 3*b + 15636 - 5711